e x(-1). Suppose 9*g = 6*g + p. What is the units digit of g?
2
Let r(p) be the third derivative of -p**5/30 + 19*p**4/6 - 6*p**3 + 42*p**2. What is the tens digit of r(31)?
9
Let q(x) = 4*x - 8. Let k(s) = 0*s - 4*s + 1 + 13*s - 10*s. Let h(b) = -10*k(b) - 5*q(b). What is the hundreds digit of h(-9)?
1
Let z(r) = 12*r**3 - 26*r**2 - 15*r + 164. What is the hundreds digit of z(19)?
8
Let x be (-10)/(-3)*33/55. Suppose x*r = -23 + 105. What is the units digit of r?
1
Suppose 70149 = 3*a + 9*u, -4*a = 131*u - 134*u - 93517. What is the hundreds digit of a?
3
What is the hundreds digit of ((-6)/10)/((-11)/(18590/18592) + 11)?
5
Suppose a + 23540 = i, -145*i + 143*i - 2*a = -47088. What is the ten thousands digit of i?
2
Let r = 1008 + -582. Suppose 0 = -3*g + 2*x + 1037, 2*x - r - 262 = -2*g. What is the tens digit of g?
4
Let c(x) = -x - 2. Let o be c(-7). Let r(a) = a**2 - 5*a + 19*a - 4*a**2 + 38595 - 38589 + 0*a. What is the units digit of r(o)?
1
Suppose -9*y = 90 - 342. Suppose -y = -4*w + 4. Let x(p) = 2*p**2 - 13*p + 4. What is the units digit of x(w)?
8
Let k = 101889 - 70750. What is the hundreds digit of k?
1
Suppose -4*d + 1696 = 4*b, 0 = -2*b + 5*b + 2*d - 1269. Suppose -4*s + 952 = 3*i, 4*s - i = b + 547. What is the hundreds digit of s?
2
Let q(j) = j**3 - 8*j**2 - 8*j - 6. Let b = 44 + -35. Let y be q(b). Suppose y*s - 5*s = n - 158, 2*s - 5*n = 182. What is the tens digit of s?
8
Let j be 6/(7 + -4 - 1). Let u be 3/(9/12) - (0 - -1). Suppose g + 204 = j*q, q + u*g = 59 + 9. What is the tens digit of q?
6
Let b = -1995 + 5080. What is the tens digit of b?
8
Let y(g) = -603*g**3 + 8*g**2 + 14*g + 4. What is the tens digit of y(-1)?
0
Suppose 0 = 4*z - 15*z - 242. Let i = z + 116. What is the tens digit of i?
9
Suppose 58*i + 16 = 62*i. Suppose i = -4*z + 12. Suppose -z*p = -277 + 15. What is the units digit of p?
1
Let n(g) = -599*g - 1645. What is the tens digit of n(-14)?
4
Let t(w) = w**3 + w**2 - w. Let z(m) = -5*m**3 - 10*m**2 + 20*m - 15. Let r(l) = 6*t(l) + z(l). What is the hundreds digit of r(11)?
9
Let x = -1759 - -2484. Let z = x - 440. What is the hundreds digit of z?
2
Let g(d) = -d**3 + 44*d**2 - 58*d - 25. What is the ten thousands digit of g(25)?
1
Let x(i) = -272*i + 26. Suppose -5*q + 5*r + 18 = -2, 2*q = -3*r - 17. What is the tens digit of x(q)?
9
Suppose -68*a + 73*a + b = 121594, -24306 = -a + 3*b. What is the units digit of a?
8
Let z(h) = 17*h + 32. Let g = -17 + 110. Let u = -82 + g. What is the units digit of z(u)?
9
Suppose -7*u - 4*i = -2*u - 130, 2*u = 3*i + 52. What is the units digit of (-13)/u - (-238)/4?
9
Suppose 42918 = 15*u - 92502. What is the units digit of u?
8
Let w be ((-147)/(-9))/((-3)/(-9)). Suppose w = 5*c + 49. Suppose 2*a - 106 - 26 = c. What is the units digit of a?
6
Suppose 0 = -61*d + 111*d - 471800. What is the tens digit of d?
3
What is the hundreds digit of (-1032)/(-16)*-10*(-1710)/54?
4
Let v(q) be the third derivative of q**6/120 + q**5/5 + 5*q**4/6 - q**3/6 + 28*q**2. Let t be v(-10). What is the units digit of (-32 - -30) + (t - -5)*1?
2
What is the thousands digit of 78623/17 - (-9)/(153/2)?
4
Suppose 21*h = 9266 - 1958. Let v = h + 19. What is the tens digit of v?
6
Suppose -10*p = 25648 - 88096 - 64342. What is the units digit of p?
9
Let o(g) = g**3 + 30*g**2 + 31*g + 60. Let a be o(-29). Suppose -5*n + a*q + 3969 = 0, 3*n = q + 2016 + 366. What is the units digit of n?
5
Let v(f) = 105*f**2 + 44*f + 95. What is the units digit of v(-8)?
3
What is the units digit of 2873/(1197/(-152) - -8)?
4
Let d(o) = -2378*o - 2184. What is the thousands digit of d(-25)?
7
Suppose 0 = -6*k + 2*k + 20. What is the tens digit of k + 2/(-4)*6*-145?
4
Suppose -3740363 + 1240613 = -150*x. What is the tens digit of x?
6
Let k(l) = 15*l**2 - 349*l + 64. Let f(g) = -3*g**2 + 70*g - 13. Let h(j) = -11*f(j) - 2*k(j). What is the hundreds digit of h(27)?
2
Let p be 3 - (0 + (-36)/(-4)). Let d(u) = -7*u**3 - 21*u**2 + 7*u - 3. What is the tens digit of d(p)?
1
Let p(o) = 62*o - 19*o + 4 + 4*o**2 + 68. What is the units digit of p(-18)?
4
Let x(m) be the second derivative of -m**5/20 - 5*m**4/6 + 4*m**3/3 + 10*m**2 + 75*m. What is the units digit of x(-14)?
2
Let x(i) = -141*i**2 - 36*i - 28. Let h(r) = 69*r**2 + 17*r + 14. Let l(d) = 13*h(d) + 6*x(d). Suppose 0 = -3*n + 5*n + 4. What is the tens digit of l(n)?
0
Let z(x) = 43*x - 18. Let k be z(17). Suppose -2*u - 4*t = -1406, 2*u + 3*t = 3*u - k. What is the tens digit of u?
0
Let h(u) = -75*u**3 + u**2 - 39*u - 351. What is the tens digit of h(-5)?
4
Suppose 21 = 4*o + 9. Suppose 66 + 186 = o*t. What is the tens digit of t?
8
Let l = -40 - -99. Suppose -68*i + 126 = -l*i. What is the tens digit of i?
1
Suppose -4*s - 754 = 566. Let d = -98 + -62. Let v = d - s. What is the units digit of v?
0
Suppose 4*u - 22089 = -3*m, -5*m = -u + 4705 + 823. What is the thousands digit of u?
5
Let d be 16/6 + (32/12)/8. Suppose 5*t - c + 32 = 0, -5*t - 2*c + d = 29. Let j(y) = -29*y + 24. What is the units digit of j(t)?
8
Let k(q) = -q**2 - 20*q + 7. Let b be k(-9). Suppose 0 = -6*t + 766 - b. Suppose 64*n = 66*n - t. What is the tens digit of n?
5
Let u be 2*(8 - (10 - 6)). What is the tens digit of 5/((-3969)/497 + u)?
5
Suppose 142*m + 163*m - 283*m = 16544. What is the tens digit of m?
5
Let p be (-5)/(-15)*(-468)/(-4). Let k be 2/(-3) - (-104)/p. Suppose 4 = 5*z + 2*b - k, 3*z - 4*b = 14. What is the units digit of z?
2
What is the units digit of ((-21)/(-14) + (-5)/(-2))/((-26)/(-534001))?
4
Suppose 36*d - 9*d + 48*d = 1001100. What is the hundreds digit of d?
3
What is the units digit of ((-8)/28)/(2 + 39747/(-19873))?
8
What is the tens digit of (4 - 287/(-14))*268?
6
What is the thousands digit of (0/1 - 2)/(6/(-10182))?
3
Suppose 6*q - 47 = 55. Suppose 3*l - 3*p - 501 = 0, -4*p + q - 1 = 0. Suppose -5*s + 2*n + 2*n = -435, 0 = -2*s + n + l. What is the tens digit of s?
8
Let z(b) = b**3 - 89*b**2 - 69*b - 600. What is the hundreds digit of z(90)?
2
Let j be 1/3 - (-80)/3*22. Let q = j - 263. What is the units digit of q?
4
Suppose -22048 = -2*n + 4*s, 16*n - 18*n + 22058 = s. What is the units digit of n?
8
Suppose -15*d + 10*d - 5*l = -35, 2*l - 36 = -4*d. Suppose 45*a - d*a - 19414 = 0. What is the hundreds digit of a?
5
Let x(u) = 2*u**2 - 64*u - 251. What is the units digit of x(-98)?
9
Suppose -5*x = -2*x. Suppose x = -5*l - 0*l. What is the hundreds digit of -9*(l - 12) + 2?
1
Let w(i) = -2*i + 8. Let h be w(-21). Let d be 6/4*48/(-18). Let t = h - d. What is the tens digit of t?
5
Let w = 38 - 33. Suppose 2*o + 4*v = -32, w*o + 5 = 2*v - 15. What is the units digit of (-198)/o - 1/1?
2
Let n(a) = 2*a**2 - 43*a + 63. Let i be n(20). What is the hundreds digit of (i - -772)*3/3?
7
Suppose 17*f + 25 = 12*f. Let k(b) = -86*b + 31. What is the units digit of k(f)?
1
Suppose -5*k - 3 = -6*k. Suppose 3*d = -u + k*u + 16, 0 = -5*d - 5*u + 35. Suppose d*j - 88 + 22 = 0. What is the tens digit of j?
1
Suppose k - 2405 = -5*v, -3*v + 1863 = -3*k + 438. Let m = v - 340. Suppose -5*s - 6 = -2*w + 35, -5*s - m = -5*w. What is the units digit of w?
3
Let t be 21/(-28)*-4 + 3 + -6. What is the units digit of (-3 + -436 + t)*-3?
7
Let w be (10/6)/((20/30)/(-2)). Let b(h) = 17*h**2 + 7*h + 31. What is the tens digit of b(w)?
2
Suppose 0 = 4*w + 3*w - 2121. Let g = w - -226. What is the tens digit of g?
2
Let s be 60/(-18)*((-15)/(-2))/(-5). Let g(t) = 10*t + s*t - 10*t - 14 + 15*t. What is the units digit of g(4)?
6
Suppose 4*o = 4*j - 64884, 5*j + 3*o - 81099 = 7*o. What is the thousands digit of j?
6
Suppose 67*s = -125135 + 525326. What is the thousands digit of s?
5
Suppose -44*a + 579 = -47*a. Let n = a + 217. What is the units digit of n?
4
Suppose -4*a + 12 = -2*i, i + 5*a - 4*a + 15 = 0. What is the units digit of -6*(-687)/i*(-4)/6?
9
Suppose 0 = -6*b + b - 1820. Let c = -139 - b. Suppose -2*x + 83 = 5*m, 4*x - 5*m - c = -x. What is the units digit of x?
4
Let c(i) = -6959*i**3 + i**2 - 4*i - 6. What is the thousands digit of c(-1)?
6
Let z(h) = 7*h**2 + 67*h + 178. Let k(w) = -10*w**2 - 100*w - 267. Let g(p) = 5*k(p) + 7*z(p). What is the tens digit of g(-14)?
4
Suppose 2*l = -3543 + 18441. What is the units digit of l?
9
Suppose 0*x - x - 3*y